ime number?
False
Is 948517 prime?
True
Is 8521079 composite?
True
Is 42193967 a prime number?
True
Is 282713 prime?
True
Is 9371819 a prime number?
True
Is 889668827 composite?
False
Is 147569833 composite?
True
Is 6525571 a prime number?
False
Is 38465795 a prime number?
False
Is 693061 prime?
True
Is 1114385 prime?
False
Is 22312597 a prime number?
True
Is 143319023 a prime number?
False
Is 30174757 composite?
True
Is 4331123 a composite number?
False
Is 34442521 composite?
False
Is 32686769 a composite number?
True
Is 233666273 a composite number?
True
Is 26437391 composite?
False
Is 109158419 a composite number?
True
Is 877369 composite?
True
Is 10056507 prime?
False
Is 14447729 prime?
True
Is 69264763 a prime number?
True
Is 224706637 a prime number?
True
Is 31452706 a composite number?
True
Is 20082773 composite?
True
Is 9471171 composite?
True
Is 7466521 composite?
True
Is 2391449 prime?
True
Is 20807 prime?
True
Is 4720189 a prime number?
False
Is 7660787 prime?
True
Is 1685179 prime?
True
Is 2975929 a prime number?
False
Is 98820237 prime?
False
Is 28219559 a prime number?
True
Is 3024311 a prime number?
True
Is 1268593 prime?
True
Is 95277929 prime?
True
Is 10084253 prime?
True
Is 2958859 a prime number?
True
Is 57086923 a composite number?
False
Is 2212361 prime?
True
Is 1179733 prime?
True
Is 5815361 a prime number?
True
Is 27980633 a composite number?
False
Is 29496859 prime?
False
Is 11933041 a prime number?
False
Is 288758 composite?
True
Is 200171351 a prime number?
True
Is 416696591 a prime number?
True
Is 42635381 a composite number?
False
Is 11218017 a prime number?
False
Is 52315903 prime?
False
Is 257421793 prime?
True
Is 3226463 a prime number?
False
Is 1480699 a composite number?
True
Is 1027393 composite?
True
Is 3331387 a composite number?
True
Is 5983757 a prime number?
False
Is 1752097 a prime number?
True
Is 33828763 a composite number?
False
Is 800072359 a composite number?
False
Is 47637347 prime?
False
Is 1217861299 prime?
True
Is 227520379 a composite number?
True
Is 155463949 a prime number?
False
Is 55804603 prime?
False
Is 32990141 a composite number?
True
Is 11889809 composite?
False
Is 50519789 a prime number?
False
Is 576154 prime?
False
Is 34116133 a prime number?
True
Is 17844961 a composite number?
False
Is 3560077 a composite number?
False
Is 41012723 a prime number?
True
Is 113396281 a prime number?
True
Is 20104639 a prime number?
True
Is 5986793 composite?
False
Is 2924069 a composite number?
False
Is 73342894 a composite number?
True
Is 43516879 a prime number?
False
Is 12298613 prime?
False
Is 3677033 prime?
False
Is 45374817 a composite number?
True
Is 53151443 a composite number?
True
Is 29254177 prime?
True
Is 4329847 a composite number?
False
Is 190277531 a composite number?
True
Is 3479137 a composite number?
True
Is 91483111 a composite number?
False
Is 33135553 a prime number?
False
Is 3239941 a prime number?
False
Is 9286259 a composite number?
False
Is 47727593 prime?
True
Is 14627287 a composite number?
True
Is 39530791 composite?
False
Is 14533919 a prime number?
False
Is 11322889 a composite number?
True
Is 76568447 a composite number?
True
Is 14421203 composite?
False
Is 12070801 composite?
False
Is 230466233 a composite number?
True
Is 50902057 prime?
True
Is 895491277 a prime number?
False
Is 5149927 a composite number?
False
Is 82507313 a composite number?
True
Is 1852939 composite?
True
Is 11673395 prime?
False
Is 25552831 composite?
False
Is 523920487 composite?
False
Is 12413533 a prime number?
False
Is 131519 a composite number?
False
Is 4136221 prime?
True
Is 5362501 a prime number?
True
Is 2366981 a composite number?
True
Is 36563983 a composite number?
True
Is 687737 a prime number?
True
Is 449855779 a composite number?
False
Is 369115601 a prime number?
True
Is 31585571 composite?
False
Is 762889 composite?
True
Is 10715885 a composite number?
True
Is 710917 composite?
False
Is 130201441 a prime number?
False
Is 2647877 a prime number?
False
Is 7579697 composite?
False
Is 26022389 composite?
False
Is 238099 a prime number?
True
Is 644593 a prime number?
True
Is 2041681 a composite number?
False
Is 1022857 a composite number?
True
Is 63889 a composite number?
True
Is 89367127 composite?
True
Is 81511169 a prime number?
True
Is 4394561 composite?
False
Is 50710739 prime?
True
Is 286523 composite?
True
Is 363839171 prime?
True
Is 1017607 a prime number?
True
Is 595303039 composite?
True
Is 80185295 a prime number?
False
Is 14010387 a prime number?
False
Is 1723009 prime?
False
Is 146042077 a composite number?
True
Is 1715531 composite?
True
Is 2756659 a composite number?
False
Is 104708713 composite?
False
Is 14270357 a composite number?
False
Is 273616907 composite?
True
Is 81539039 a composite number?
True
Is 7536797 prime?
False
Is 32030693 a composite number?
True
Is 23931527 a prime number?
False
Is 618647983 a composite number?
True
Is 3956639 a composite number?
False
Is 230141 a composite number?
True
Is 197669 a composite number?
True
Is 50440903 a prime number?
True
Is 40901851 composite?
True
Is 93180827 a prime number?
True
Is 100097051 composite?
True
Is 3021643 a prime number?
True
Is 76290973 a composite number?
True
Is 1272859 composite?
True
Is 1269629 composite?
True
Is 19609769 a composite number?
True
Is 2081237 a prime number?
True
Is 1333555 a prime number?
False
Is 116011697 prime?
True
Is 8056771 composite?
False
Is 5582839 a composite number?
False
Is 78443581 a prime number?
True
Is 21369589 composite?
False
Is 12526799 a composite number?
False
Is 77071685 composite?
True
Is 77643537 composite?
True
Is 11747611 a prime number?
False
Is 156009011 prime?
False
Is 2444973 composite?
True
Is 3650881 a prime number?
False
Is 997170197 composite?
False
Is 7494965 composite?
True
Is 7318033 a composite number?
False
Is 13595609 a prime number?
True
Is 1153661 composite?
True
Is 6955633 prime?
True
Is 2366933 a composite number?
False
Is 9014443 prime?
True
Is 5345441 composite?
True
Is 38991949 a prime number?
True
Is 77022591 composite?
True
Is 14479301 prime?
True
Is 1703399 a composite number?
False
Is 17117 composite?
False
Is 53865679 a composite number?
True
Is 495232203 composite?
True
Is 303551221 a prime number?
True
Is 6313633 composite?
True
Is 133705057 a composite number?
True
Is 30367333 a prime number?
False
Is 2020639 prime?
False
Is 5241091 prime?
False
Is 126591671 a composite number?
True
Is 4313401 composite?
True
Is 102686537 a composite number?
True
Is 70672165 a prime number?
False
Is 7625537 a composite number?
True
Is 56466467 a composite number?
False
Is 594611 composite?
True
Is 2161607 prime?
False
Is 269501087 a composite number?
True
Is 1641799 a prime number?
True
Is 16135645 composite?
True
Is 44982851 a composite number?
False
Is 1115209 a composite number?
True
Is 7774031 a prime number?
True
Is 18224573 a composite number?
False
Is 28648106 a composite number?
True
Is 6392513 prime?
True
Is 880717 composite?
True
Is 518335057 prime?
True
Is 9395245 a prime number?
False
Is 51801621 composite?
True
Is 52041727 a prime number?
True
Is 52169419 a composite number?
False
Is 1401937 prime?
True
Is 4480141 composite?
False
Is 103336655 prime?
False
Is 1725665 a prime number?
False
Is 353170453 a composite number?
False
Is 9721199 a composite number?
False
Is 22553597 a composite number?
True
Is 104749591 composite?
True
Is 9210769 a prime number?
True
Is 14034301 prime?
False
Is 8381711 composite?
True
Is 13415741 prime?
True
Is 44235931 a composite number?
False
Is 92814629 prime?
False
Is 37884073 prime?
False
Is 8267981 a prime number?
True
Is 787200971 a composite number?
True
Is 14087897 a prime number?
True
Is 57039761 a composite number?
True
Is 90578341 a composite number?
True
Is 38299013 prime?
False
Is 5942918 a composite number?
True
Is 1475647 prime?
True
Is 16436831 a prime number?
True
Is 127285657 a composite number?
True
Is 6983699 prime?
True
Is 3047326 composite?
True
Is 34290979 prime?
False
Is 12852701 a prime number?
True
Is 6974563 a prime number?
True
Is 124604119 a prime number?
True
Is 1021949 composite?
True
Is 15444137 a composite number?
False
Is 87910202 prime?
False
Is 473107 composite?
True
